1)) - -9
11
What is the value of -2 - 1 - (6 - 1) - (31 - 25)?
-14
Evaluate (21 - -5) + -11 + -2.
13
Evaluate -9 - (-12 - 9) - (-2 - -1 - 7).
20
What is the value of 16 - 20 - (8 + -4 - 12)?
4
What is the value of -2 + -10 + (-2 - (1 + -5))?
-10
What is the value of -12 + 26 + -5 + (13 - 6)?
16
What is -2 - (-5 + 12 + 8 + -13)?
-4
1 + -1 - (28 + 21 + -56)
7
Calculate 2 - ((2 - 31) + (2 - -10)).
19
What is 6 + (-15 - (35 + -29))?
-15
-1 + (2 - 4) + 7 + -13 + 23
14
Evaluate 30 + (-7 - 43) - -22.
2
Calculate 3 - 2 - (192 - 208).
17
What is the value of -36 - (15 - 80) - 46?
-17
-2 + 20 + -3 + 0 + (2 - 6)
11
Evaluate -24 - -11 - (-10 - 1).
-2
What is the value of (2 - 13 - -1) + (74 - 12) + -35?
17
What is the value of -9 + (-1 - -12) + (53 - (4 - -22))?
29
Calculate -23 + (41 - (-29 + 59)).
-12
Calculate -18 - (-7 - -9 - (2 + 7)).
-11
Evaluate 24 + (0 - 3 - 8 - (-4 - -3)).
14
What is 1 + 37 + (-717 - -688)?
9
Evaluate 21 - (32 - (24 + 0)).
13
What is the value of 4 + (4 - (3 - 4)) - -3?
12
What is 2 + 5 + 4 - (2 - 8)?
17
What is 1 - -1 - (-56 - -37) - 3?
18
Calculate 2 - -1 - (-14 + (-3 - (-9 - 4))).
7
(-96 - -100) + 6 + 1
11
Evaluate (-25 - -33) + -23 - (-7 + 2).
-10
What is the value of 0 + 5 + 0 + -2 + -10 + 6?
-1
Evaluate 34 + -2 - (896 - 881).
17
What is -1 - (-22 + (-8 - (6 + -13)) + 0)?
22
Calculate -20 + 3 + 51 - 19.
15
What is 33 - 2 - 4 - (0 + 4)?
23
Evaluate (10 - (-5 - (-26 + 4))) + 0 + -16.
-23
What is (1 - 9) + -1 + (5 - 13)?
-17
12 + (7 - (1 + -4)) + -10 + 3
15
What is 6 + -19 + 0 + (1 - 4) + 4?
-12
Calculate (-6 + 2 - (2 + -14)) + (-15 - -3).
-4
What is 8 + 5 - 2 - 2?
9
Calculate (5 - -8) + -12 + (15 - 4).
12
What is the value of -42 + (-25 - 6 - -18) + 24?
-31
Calculate -14 - (0 + 2) - (-3 - (7 + -7)).
-13
What is the value of (1 - -15) + 55 + -80?
-9
(-14 - -20) + (44 - 62)
-12
Calculate 8 - (4 - (3 - -4 - 7)).
4
Calculate -33 + (-7 - -11) + 14.
-15
What is the value of 7 - (-2 + 9 - -3)?
-3
Evaluate (93 - 69) + (-38 - -5).
-9
What is 10 - (-5 + 10 + -8 + 4)?
9
-1 - ((-29 - -5) + 40)
-17
32 + -30 + (7 - (-1 - -6) - -5)
9
What is the value of -18 - (4 + (-1 - -3) - 21)?
-3
What is 37 + (-6 - 6 - (-32 - -26))?
31
What is 4 + (7 - (6 + -1)) - 12?
-6
Calculate -12 + 33 + -30 + (2 - -15).
8
What is the value of 42 + -62 - (3 - (-1 + -4))?
-28
Evaluate 11 + (-1 - -8) + -31.
-13
10 - (2 + 1 + (-8 - -7)) - 1
7
(-6 - (-11 + -11)) + 2 + (-1 - 4)
13
-8 + (5 - 5 - 0)
-8
1 - (0 + 2) - (28 - 65 - -21)
15
(49 - (15 + 11)) + -15
8
Calculate 2 + 15 + -17 + -19.
-19
Evaluate 46 - (46 - -38) - -48.
10
Evaluate 13 + (-5 - 25) - -12.
-5
Evaluate (-1318 - -1314) + (0 - 7).
-11
What is 30 + -8 - 0 - (-21 + 32)?
11
Calculate (-17 + 35 - 1) + 1.
18
What is 7 + (-8 - 3) + 8 - (2 - -2)?
0
What is 14 + (3 + 3 + 0 - 46)?
-26
Calculate -11 + 4 - (-37 + 41).
-11
Calculate -11 - (7 - (10 + -1)).
-9
Calculate 2 + (-1 - 2 - (-23 + 9)) - -1.
14
-24 - 1 - -24 - -23
22
What is the value of 11 + -15 + -4 + 16?
8
What is the value of 6 + (-14 + 2 - -3) + 31?
28
What is the value of -1 + -8 + (32 + -14 - 14)?
-5
Evaluate 9 + -1 + 20 + -21 - (-18 - -12).
13
Evaluate (2 - 36) + (15 - -25).
6
(79 - 75) + (-1 - (1 + -3))
5
Calculate 271 + -283 + (0 - (6 + 3)).
-21
-25 - -13 - ((4 - 21) + 5)
0
Calculate (-4 - 21) + -50 + 80.
5
What is the value of 6 + 1 + 0 + (-11 - -23 - 33)?
-14
Evaluate -7 - (-1 + -2 - -6 - 13).
3
2 + 17 - (24 - (-19 + 25))
1
14 + -2 - (-7 + 11 + 0)
8
Evaluate 5 + -9 + (-9 - -21).
8
Evaluate 8 + (1 - 1) + 112 + -128.
-8
(-11 - (4 + 0)) + (-109 - -122)
-2
What is the value of 4 - (3 + 8 + -19) - -1?
13
3 - (-15 + 13 + (-4 - (3 - 8)))
4
What is the value of -5 + (3 - (3 + -8))?
3
Calculate -8 - (42 + -80 + 67).
-37
What is the value of -1 - ((21 - (-3 + 14)) + 3 + -12)?
-2
Calculate (-28 - (1 - 49)) + (0 - 3).
17
Calculate -8 - (-16 - (6 - 11)).
3
What is the value of -27 + 20 - ((-4 - -5) + -10) - 18?
-16
Evaluate 2 + (3 + -12 - -22) + (-4 - -1).
12
-3 + 2 + 8 + (-24 - -24) - -3
10
Calculate (-3 - 1) + 3 - -5 - (2 + 4).
-2
What is 4 - 4 - -3 - (-14 - (0 + -6))?
11
Evaluate 40 + (-329 - -302) + (0 - -14).
27
8 + -2 + (-5 - (-7 + 0)) + 6
14
Evaluate -1 + 2 + -8 - (-1048 - -1016).
25
What is 139 - 133 - (5 - 6)?
7
What is 15 - (4 + (-70 - -68) + (0 - 9))?
22
Evaluate 21 + -3 - (13 + -7).
12
What is (-7 - 0) + 5 + (-5 - -27) + -9?
11
14 + -1 + -110 + 101
4
What is 26 + (1 - 1) + 27 + (35 - 60)?
28
Evaluate 5 + 34 + -34 - 20.
-15
-25 + (28 - (-29 - -44))
-12
What is -4 + (-10 - (-20 + 11))?
-5
4 + (2 - (1 - -6) - (-444 + 465))
-22
Evaluate (7 - 18) + (32 - -3) + 9 - 6.
27
Evaluate -5 - (-1 + -2 + 8 + -14).
4
6 + (-29 - -23) + -17
-17
0 - (1 - 0) - (7 + (19 - 23))
-4
What is the value of 5 + (3 + (0 - (2 - -9)) - -7)?
4
What is the value of 3 - (-14 + 19) - (25 + (-13 - -6))?
-20
What is the value of 25 + (-30 - -41) + -26?
10
Calculate 4 + -9 + 10 - 7 - 10.
-12
What is the value of 8 - 1 - (771 + -755)?
-9
Evaluate ((10 - 15) + -7 - (-1 - -2)) + 9.
-4
Calculate -24 - (22 - (32 + -15) - 1).
-28
Evaluate 3 - 20 - (-15 - -4).
-6
Calculate 2 + ((4 - 0) + 6 + -7 - -10).
15
Evaluate -19 + 2 - ((-7 - 42) + 32).
0
Evaluate (-5 - (-7 - 0)) + 2 + -3 - -2.
3
What is -3 - (1 - (-3 + 10))?
3
What is 1108 + -1112 + (5 - (1 + -2))?
2
Calculate -2 + (5 - 1) + (-1 - -2).
3
-35 + (26 - (41 + -24))
-26
What is the value of -1 + 8 - (24 - 11)?
-6
Calculate (-2 - -26) + -1 - (-284 - -286).
21
(-4 - 15) + 10 + 1 - 16
-24
What is the value of (10 + -11 - -21) + -12?
8
What is the value of -29 - (-22 + -10) - (-12 + -2)?
17
What is 10 - ((13 - 13) + -11)?
21
What is the value of -3 + 3 + 1 + (56 - 52)?
5
What is -10 - (8 + -29) - (4 + (-4 - 9))?
20
Calculate -9 - (-16 + 14 - 7).
0
(4 - 12) + (2 + -1 - 5)
-12
What is the value of -2 + 0 + 0 + -12 + 18?
4
What is 880 - 887 - (-2 + 19 - (-2 - -4))?
-22
What is the value of -5 + 0 + (16 - (-1 - -8))?
4
Evaluate 17 + (-7 - -2 - 4).
8
Calculate (-3 - (1 - -4 - -10) - 5) + 5.
-18
What is 0 + (38 - -6) + -20?
24
Calculate (-19 - 4) + -15 + -15 + 21 - -6.
-26
What is the value of -1 + -16 + 440 + -412?
11
Calculate -2 - (-21 - (-11 + 4) - -2).
10
What is the value of -21 - (-15 + -8 + 6)?
-4
What is 0 + -9 - (-3 - (-17 + 9))?
-14
Calculate -4 + (17 - (2 - -4)) - (-5 + 2).
10
Calculate -6 + (21 - -5) - 18.
2
-2 + -2 - (0 + -4) - -23
23
8 + 3 + (90 - 97) + -14 + 0
-10
What is 5 + -17 + 0 + 4?
-8
What is 39 + 3 + -252 + 236?
26
Calculate 1 + (-18 - -27) + -29.
-19
(2 - -10 - 14) + -4 + -1 + 2
-5
Calculate (11 + (-3 - 1) - 14) + 9 + -6.
-4
What is the value of (2 + -6 - -12) + -24?
-16
Calculate 4 - ((-1 - 0) + 10 + -457 + 451).
1
1 + 16 + (146 - 156)
7
-7 + 16 + -16 + 8
1
What is the value of (4 + -33 - -14) + -2 + 17?
0
What is the value of 8 + 0 + -11 - 2?
-5
Calculate (19 - 39) + -15 - -35.
0
Evaluate (-15 - 3 - -2) + 12.
-4
2 - 9 - (-20 + 10 - -10)
-7
Calculate 5 + -12 + (-2 - -5) + -114 + 113.
-5
Calculate 0 + -2 + 10 + -30 - -10.
-12
What is -18 - (0 - 5) - -5 - (19 + -46)?
19
Calculate -3 + -1 + 15 + 18 + 2.
31
Calculate (-2 + (8 - 9) - -5) + 0.
2
Evaluate 4 + 0 + (4 - -5) + -10 - 10.
-7
-3 + -7 + (-2 - (1 - 0)) + 5
-8
What is -13 + 8 - -6 - 0?
1
Evaluate 3 - (16 - (3 - (3 + -4 + -1))).
-8
What is the value of (-7 - -12) + (-3 - 4 - 3) - 2?
-7
(2 - 0) + (1 - 7) + (1850 - 1862)
-16
30 + -23 + -11 - 6
-10
11 - (21 + (-15 - -6))
-1
-3 - (-3 + 0 + 4) - 2 - 5
-11
What is the value of 12 - ((12 - 8 - 3) + -3)?
14
Evaluate (-4 - (-16 - (6 + -9 + 4))) + -2.
11
What is the value of -26 + 20 - (8 + 7 + -5)?
-16
Calculate -4 + 2 + -3 - 3 - -7.
-1
What is 3 - (-9 + 3) - 10?
-1
What is (-4 - 6) + 0 + 23?
13
16 + 1 + -566 + 545
-4
What is the value of -37 - (-49 - -11) - (1 - 3)?
3
Evaluate -34 + 40 - (24 - (2 - 1)) - 2.
-19
Calculate 38 - 24 - 23 - -19.
10
(-7 - (1 + 0 + -4) - -10) + 23
29
What is the value of 21 + -3 + -3 + 13 + (-1 - -4)?
31
12 + (1 - 2) - (8 - (-1 + 4))
6
Calculate (0 - (10 + -5)) + 5 + (-1 - -6).
5
What is 6 + -18 + 17 + -2 - (6 - -2)?
-5
What is the value of (-4 - 20 - -18) + 8 + (-1 - 1)?
0
Calculate 62 + -58 - (0 + 2 - 3).
5
Evaluate 10 + -4 + 17 + (-6 - 3).
14
Evaluate -4 - (2 - (0 + -9)).
-15
10 + (20 - (11 + 28))
-9
Calculate 0 + 2 + 5 + (-15 - -17).
9
Calculate 26 - (2 + (-40 - -59)).
5
Evaluate 10 - (-12 + (0 - -7)).